*q = -5*v + 6*q + 71. List the prime factors of v.
11
Let v be 0 + (-2 - -4) + -38. List the prime factors of -3 - (-5)/((-20)/v).
2, 3
Let a = 80 - -22. What are the prime factors of a?
2, 3, 17
Let g = -297 - -599. List the prime factors of g.
2, 151
Let d = -4 + 39. List the prime factors of d.
5, 7
Suppose -5*f = y - 73, 0*y - 4*f + 197 = 3*y. List the prime factors of y.
3, 7
Let c(q) = 23*q + 1. Let t = 3 - 2. Let l be c(t). Suppose l = 2*z + z. What are the prime factors of z?
2
Suppose -20 = 2*b + 3*v, 3*b - 4*v = 6 - 2. List the prime factors of 104/28 + b/(-14).
2
Let f(a) = -a**2 + 9*a - 9. Let c be f(7). Suppose 5*n = 5*p - 0*n - 60, 0 = 4*p + c*n - 30. List the prime factors of p.
2, 5
Let h = 4 - -60. What are the prime factors of h?
2
Suppose 5*v - 606 + 151 = 0. List the prime factors of v.
7, 13
Let c = 292 + -161. What are the prime factors of c?
131
Suppose -100 = -5*s - 15. Suppose -s = -2*p + 7. List the prime factors of p.
2, 3
Let x(g) = 3*g**2 - g. Suppose -4 = 4*k + 3*y, -2*k - 5 = 3*k - y. Let a be x(k). Suppose 2*d = 10, -d - a = -b - 0*b. List the prime factors of b.
3
Let i = -16 - -18. Suppose -t - i*t + 99 = 0. What are the prime factors of t?
3, 11
Suppose -12 + 192 = 5*n. Suppose -n = 3*q - 6*q. What are the prime factors of (-6)/(-8) - (-123)/q?
11
Suppose -87 - 255 = -2*a. List the prime factors of a.
3, 19
Let h = 112 - 55. List the prime factors of h.
3, 19
Let m(j) = -j**3 - j + 2. Suppose -2*k = 3*k + 20, -5*k - 20 = 5*u. List the prime factors of m(u).
2
Let y = 370 - 220. Suppose 6*n - y = n. What are the prime factors of n?
2, 3, 5
Let c = -16 + 10. Let d = c + 8. List the prime factors of d.
2
Let h(t) = 5*t + 6. What are the prime factors of h(11)?
61
Let r(k) = -k**2 - 2*k - 2. Let l be r(-3). Let q be -1 - l/(15/9). Let h = 9 + q. What are the prime factors of h?
11
Suppose 0 = -z - 3, 5*z + 15 = 3*h - 24. Suppose h = j - 1. List the prime factors of j.
3
Let l(z) = -z**2 - 15*z + 2. List the prime factors of l(-13).
2, 7
List the prime factors of (2/2)/((-22)/(-5566)) + 0.
11, 23
List the prime factors of ((-85)/68)/(1/40*-2).
5
Suppose 3*k - 141 = -0*k - 4*y, -5*k = 5*y - 230. What are the prime factors of k?
43
List the prime factors of 2/6*(-1 + 16 + 0).
5
List the prime factors of 1/2*1*60.
2, 3, 5
Let g(d) = 5*d**2 - 6*d - 5. Let c(w) = 9*w**2 - 11*w - 11. Let j(u) = -6*c(u) + 11*g(u). What are the prime factors of j(0)?
11
Suppose s - 89 = 5*f, f = -5*s + 2*f + 469. List the prime factors of s.
2, 47
Let g = 101 + -36. Suppose p - 3*f - f = 34, -f + g = 5*p. Let s = 28 - p. List the prime factors of s.
2, 7
Suppose 4*j = -3*c + 375, 617 = 5*c + j + 3*j. Suppose 2*t + 33 = c. List the prime factors of t.
2, 11
Let u(s) be the first derivative of s**2 - 4*s - 1. Suppose -3*y - 14 = -4*k - y, -3*y - 6 = -k. What are the prime factors of u(k)?
2
Suppose -4*a = 3*g - 0*g - 18, -2*a - 30 = -5*g. List the prime factors of g.
2, 3
Let b(h) = h**2 - 4*h + 279. List the prime factors of b(0).
3, 31
Suppose -4*m + m = -6. Suppose 0*g + 4 = m*g. Suppose -g*y + 42 = -k + 5*k, 3*y = 2*k - 9. List the prime factors of k.
3
Suppose -16*n + 980 = -9*n. List the prime factors of n.
2, 5, 7
Let t = 67 - -31. List the prime factors of t.
2, 7
Suppose 4*q - 5 = -1. Let r(n) = -5 + 4*n + 5. What are the prime factors of r(q)?
2
Let k = -275 + 183. Let y = k + 63. Let u = y + 43. List the prime factors of u.
2, 7
Let z = -9 + 17. Let g = -10 + z. List the prime factors of 8 - g*(-1 + 0).
2, 3
Suppose -j = 5*d - 694, 45 = d - 2*j - 96. Suppose -o = -u - 37, 4*u = -3*o - 0*o + d. What are the prime factors of o?
41
Let d be (-110)/8 + 3/(-12). Let f be (-4 + 0)*6/(-12). What are the prime factors of d*(f - 15/6)?
7
Let g(a) = a**2 - a. Let s be (3/(-6))/((-2)/8). Let c be g(s). Suppose -4*k = -c - 46. List the prime factors of k.
2, 3
Let z = -10 - -16. List the prime factors of z.
2, 3
Let w = -265 - -625. What are the prime factors of w?
2, 3, 5
Suppose 2*r + d = -8, -3*r - 4*d + 2 = 14. Let g = r + 6. Suppose -4*k + g*k = -16. List the prime factors of k.
2
Suppose 5*l + 6*g - 2*g = -2, 2*l = -3*g + 2. Let p = l + -1. Let m(o) = o**2 + o - 4. List the prime factors of m(p).
2
Let h be -1 + 54 + (-8)/(-8). Suppose 11 + h = 5*k. List the prime factors of k.
13
Let u(p) = 2*p - 15. Let a be ((-24)/14)/((-9)/63). List the prime factors of u(a).
3
Suppose 2*b = 2*v, -2*v - v = 5*b - 32. Let d be 6 + (-4)/(v/3). Suppose t + d*x - 21 = -2*t, 0 = -3*t + x + 5. List the prime factors of t.
3
Suppose w = 3*w. Suppose -3*i = w, u - 3*i = -0*i + 40. What are the prime factors of u?
2, 5
What are the prime factors of -2*2*(-55)/20?
11
Let d be (0/1 + 0)/2. Suppose -3*c = -d*c - 3. List the prime factors of c/(-2) + (-19)/(-2).
3
Let m be 120/(-5)*4/(-3). Let q = -13 + m. What are the prime factors of q?
19
Suppose 0*v = 5*v + 380. List the prime factors of (-1)/(-2) - v/8.
2, 5
Suppose 7 = 3*w - 2. Suppose -h - 3*m + w = -9, 3*m = -6. List the prime factors of h.
2, 3
Let q be (-6 + -2)*(-1)/2. Let g = 7 - q. What are the prime factors of 4 + g/9*0?
2
Let s(i) = i**3 - 6*i**2 + 7*i - 15. What are the prime factors of s(7)?
83
Suppose 5*a + 15 = -3*v, 3*v + 3*a - 4*a = 3. Suppose v = y - 5*y. Suppose y = -j + 9 - 2. List the prime factors of j.
7
Let t be -2 + 0 + (3 - 2). List the prime factors of (t + 1 + 13)*1.
13
Let c be 11/4 - 3/(-12). Suppose 0 = s - c*x - 19, -s - 5*x - 5 = 8. Suppose 0 = a - 2*a + y + s, 3*a - 33 = -3*y. What are the prime factors of a?
3
Suppose -2*w - 15 = -5*w. Suppose 0*u + w*t - 11 = -2*u, 5*t + 2 = -u. What are the prime factors of u?
13
Let u be 202/4 - (-2)/(-4). Suppose c + c = u. List the prime factors of 24/10 + (-10)/c.
2
Let u(y) be the third derivative of y**6/120 + y**5/15 - y**4/6 + 7*y**3/6 - 3*y**2. Let f be (5/(-3))/((-1)/(-3)). What are the prime factors of u(f)?
2
Suppose -2*g - 2*j = -130, 5*g + j + 181 - 510 = 0. List the prime factors of g.
2, 3, 11
Suppose t + 0*t = 3. List the prime factors of t.
3
Let y be 0 + -3 + 2 - -13. Suppose -j - j = -y. List the prime factors of j.
2, 3
Let z be 1 + 2 + (0 - 3). Suppose k - 4*b = -1 + 21, -3*k + 2*b + 20 = z. What are the prime factors of k?
2
Let h(y) = -8*y + 3. What are the prime factors of h(-5)?
43
Let h(f) = -f**2 - 8*f + 15. Let s(k) = 2*k**2 + 17*k - 31. Let j(o) = -7*h(o) - 4*s(o). List the prime factors of j(-13).
2, 3
Let g be ((-6)/15)/(1/15). What are the prime factors of (2 + 15/g)*-34?
17
Suppose 40 = -2*v - 2*v. Let y(q) = q + 12. What are the prime factors of y(v)?
2
Suppose -16 = -4*y + 80. Let c = -13 + y. List the prime factors of c.
11
Let y = 29 + -20. Let r = y - 28. Let j = -7 - r. List the prime factors of j.
2, 3
Let b(x) = -x**2 - 12*x - 6. Let y be b(-5). Let q = y + -11. What are the prime factors of (24/q)/((-2)/(-9))?
2, 3
Let c(o) be the second derivative of 5*o**4/12 - o**2/2 - 2*o. Suppose 4*s + 6 = -5*n, -3*n - 1 - 8 = -3*s. What are the prime factors of c(s)?
2
Suppose 157 + 17 = 3*q. List the prime factors of q.
2, 29
Suppose -10*y + 5*y + 1345 = 0. List the prime factors of y.
269
Suppose -2*t = y - 6*y + 41, 3*y = 3. Let w = t - -57. What are the prime factors of w?
3, 13
Let n = -19 + 37. Suppose -54 = -3*j - n. List the prime factors of j.
2, 3
Suppose 0*v + 4*y = -2*v + 34, 0 = -3*v + y + 16. Let q be 443/7 - 2/v. Suppose -2*j - 3*j = 4*c - 24, 5*c - q = 2*j. What are the prime factors of c?
11
Suppose -2*q = 2*q - 16. Suppose 5*c - 24 = -2*a, -q*a + c + 6 = 2. Suppose 0 = w - 5*v - 7, a*w = 3*v - 2*v + 23. What are the prime factors of w?
2, 3
Suppose 0 = -d + 4 - 0. Suppose -60 = -2*w + 4*x, -d*x + 84 = -3*w + 7*w. What are the prime factors of (w/(-15))/(1/(-10))?
2
Let r = 25 - 18. What are the prime factors of r?
7
Let l = -38 - -46. What are the prime factors of l?
2
Let y be 183/(-2)*4/(-6). Suppose 3*n - y = 23. What are the prime factors of n?
2, 7
What are the prime factors of (-746)/(-2) - 15/(-3)?
2, 3, 7
Suppose 0 = 6*s - s - 190. List the prime factors of s.
2, 19
Let l = 0 + 0. Let y(d) = -14*d - 36. Let n(j) = 5*j + 12. Let q(r) = -11*n(r) - 4*y(r). What are the prime factors of q(l)?
2, 3
Suppose 0 = -s + 2*s - 5. Suppose 5*l + 5*q = 45, 3*l - 4 = s*q + 15. What are the 